umber?
True
Is 188416031 a prime number?
False
Is 138226943 a composite number?
False
Is 211635769 a composite number?
False
Is 15008927 composite?
True
Is 808018 prime?
False
Is 48703801 a composite number?
False
Is 29411533 a composite number?
True
Is 5195779 a prime number?
False
Is 2641259 a composite number?
True
Is 24242957 composite?
True
Is 442433621 composite?
True
Is 101406793 a composite number?
True
Is 3146151 composite?
True
Is 664523 a prime number?
False
Is 312005 prime?
False
Is 22253606 composite?
True
Is 7302367 prime?
False
Is 2302879 prime?
True
Is 4309867 a composite number?
False
Is 4949857 prime?
False
Is 16579411 composite?
True
Is 978994903 prime?
True
Is 3447755 composite?
True
Is 11374123 prime?
False
Is 142783691 a prime number?
True
Is 1701607 a composite number?
False
Is 138114649 a composite number?
False
Is 5278193 a composite number?
True
Is 9227 composite?
False
Is 5210411 prime?
True
Is 886493 prime?
True
Is 216473969 a composite number?
False
Is 96995383 a prime number?
True
Is 2665381 a composite number?
True
Is 95169839 prime?
False
Is 26377589 a prime number?
False
Is 20269259 composite?
False
Is 17929909 a prime number?
False
Is 8146507 composite?
False
Is 1444517 composite?
True
Is 4963247 a composite number?
True
Is 1274681 a composite number?
True
Is 1786199 composite?
True
Is 14963 prime?
False
Is 181563379 a composite number?
False
Is 94776587 prime?
True
Is 17301923 a prime number?
True
Is 1432351 a composite number?
False
Is 103342697 composite?
False
Is 68669 composite?
False
Is 51556003 composite?
True
Is 1017007 a composite number?
False
Is 5261287 a prime number?
False
Is 4251655 a prime number?
False
Is 19842367 prime?
True
Is 12136549 composite?
True
Is 11847205 prime?
False
Is 27688007 a prime number?
True
Is 834439 prime?
True
Is 133250423 a prime number?
True
Is 5129351 a composite number?
False
Is 11610481 composite?
True
Is 29202379 a prime number?
False
Is 201310463 a prime number?
True
Is 31602381 a prime number?
False
Is 13153853 a composite number?
False
Is 168000529 a composite number?
False
Is 8774071 composite?
False
Is 96850469 a composite number?
True
Is 17187433 composite?
False
Is 1961853 composite?
True
Is 3527663 a composite number?
False
Is 33675245 a composite number?
True
Is 119874071 a prime number?
True
Is 72444899 composite?
False
Is 3192053 composite?
True
Is 1556717 a prime number?
True
Is 348602887 prime?
True
Is 4803973 prime?
False
Is 2713811 prime?
True
Is 164677193 a composite number?
False
Is 68622019 composite?
True
Is 56003209 composite?
False
Is 12026494 a composite number?
True
Is 106735523 prime?
True
Is 6475853 composite?
True
Is 1040646274 a prime number?
False
Is 14050111 a prime number?
False
Is 1998899 a composite number?
True
Is 7209739 composite?
True
Is 792521 a composite number?
False
Is 20881343 composite?
True
Is 47729509 a prime number?
False
Is 502717207 a composite number?
False
Is 36503011 composite?
True
Is 1959941 a composite number?
False
Is 11001841 a composite number?
False
Is 38163931 a composite number?
True
Is 156560317 composite?
False
Is 328855279 a composite number?
True
Is 65364973 a composite number?
True
Is 143595721 composite?
True
Is 172706899 a prime number?
True
Is 24913645 a prime number?
False
Is 9084403 composite?
True
Is 155402393 prime?
False
Is 13558417 prime?
True
Is 43413409 a prime number?
False
Is 32006189 a prime number?
False
Is 1073183 a prime number?
True
Is 5753443 a prime number?
False
Is 523926901 a prime number?
True
Is 4733621 composite?
True
Is 450589 a composite number?
True
Is 5642179 prime?
False
Is 8451341 composite?
True
Is 4314383 a prime number?
True
Is 3065254 prime?
False
Is 490741 a prime number?
True
Is 9232283 composite?
True
Is 594870603 prime?
False
Is 462382513 prime?
True
Is 7482239 a composite number?
False
Is 48270611 prime?
True
Is 5262247 prime?
False
Is 1109813 composite?
False
Is 5885311 a prime number?
True
Is 2366339 a composite number?
True
Is 859007383 a prime number?
False
Is 568592969 a composite number?
True
Is 8515453 a composite number?
True
Is 649829 a composite number?
False
Is 3974387 a prime number?
True
Is 546257 composite?
True
Is 892049 prime?
True
Is 2102813 a composite number?
True
Is 31767 prime?
False
Is 17214997 composite?
True
Is 92057419 a prime number?
True
Is 28106515 a prime number?
False
Is 10301561 prime?
True
Is 917207 a composite number?
True
Is 70495973 a composite number?
True
Is 7355573 composite?
False
Is 22281247 composite?
False
Is 30271823 a composite number?
False
Is 228441 a composite number?
True
Is 240847481 composite?
True
Is 1196491983 composite?
True
Is 132515566 a composite number?
True
Is 3556873 composite?
True
Is 691608317 a composite number?
False
Is 4376221 a composite number?
False
Is 44583317 composite?
False
Is 299747 prime?
False
Is 9500577 composite?
True
Is 1936073 a prime number?
False
Is 16150571 composite?
False
Is 2272822 composite?
True
Is 6344587 composite?
True
Is 161803 composite?
True
Is 14598469 prime?
True
Is 27357037 composite?
False
Is 788079223 prime?
True
Is 719758573 prime?
False
Is 37461722 a prime number?
False
Is 3834217 composite?
True
Is 8988227 a composite number?
False
Is 29736142 a prime number?
False
Is 55751257 prime?
True
Is 5180077 a prime number?
False
Is 103299071 composite?
False
Is 9364969 a composite number?
True
Is 34514738 a prime number?
False
Is 3109 prime?
True
Is 703433 a prime number?
False
Is 82803961 composite?
True
Is 1830583 a prime number?
True
Is 12585259 composite?
False
Is 901613 composite?
False
Is 26838829 a prime number?
False
Is 230054431 a composite number?
True
Is 8520527 composite?
False
Is 25482103 prime?
False
Is 22046677 prime?
True
Is 8991673 composite?
True
Is 74153741 prime?
False
Is 36884057 a prime number?
False
Is 490577545 a prime number?
False
Is 16248431 a composite number?
False
Is 3910277 a prime number?
False
Is 198320581 a composite number?
True
Is 1741573 prime?
True
Is 890396765 composite?
True
Is 4949849 a prime number?
False
Is 5341939 a composite number?
False
Is 1489351 a composite number?
False
Is 10863847 composite?
True
Is 4837769 a prime number?
True
Is 65264707 prime?
False
Is 72191 a composite number?
True
Is 55041269 a composite number?
False
Is 534112373 a prime number?
True
Is 4445761 composite?
True
Is 2558719 a prime number?
True
Is 24688561 a composite number?
False
Is 57262361 prime?
False
Is 161362763 prime?
False
Is 6628989 a prime number?
False
Is 17730334 composite?
True
Is 1356401459 prime?
False
Is 7069291 composite?
False
Is 45244019 composite?
False
Is 18671467 composite?
True
Is 3653747 composite?
True
Is 13414759 a prime number?
True
Is 6975523 prime?
True
Is 81377323 composite?
True
Is 20296979 a composite number?
True
Is 9346861 composite?
False
Is 323726387 a prime number?
True
Is 14963329 prime?
True
Is 1915511 prime?
False
Is 30795829 a prime number?
True
Is 7643807 a prime number?
True
Is 8712149 a prime number?
True
Is 295092767 composite?
False
Is 7837145 a composite number?
True
Is 709115759 prime?
False
Is 422119 composite?
True
Is 9755449 a composite number?
True
Is 2690557 a composite number?
False
Is 173122901 a prime number?
False
Is 261007 a prime number?
False
Is 21072797 a prime number?
False
Is 30409607 a composite number?
False
Is 40710473 composite?
True
Is 1047899 prime?
False
Is 43110839 prime?
True
Is 128985751 prime?
True
Is 88165733 a prime number?
False
Is 311055007 a composite number?
False
Is 53179403 a composite number?
True
Is 86692679 prime?
True
Is 110389711 a composite number?
False
Is 10244991 prime?
False
Is 11127163 a prime number?
False
Is 13785367 composite?
True
Is 62200531 prime?
False
Is 4424621 prime?
True
Is 464837 composite?
True
Is 44285677 prime?
True
Is 45545953 composite?
False
Is 12254987 prime?
True
Is 217825943 prime?
True
Is 1010915 a composite number?
True
Is 111189665 a composite number?
True
Is 1818211 a composite number?
True
Is 3699139 prime?
True
Is 2279281 a prime number?
True
Is 2159167 composite?
True
Is 5155499 composite?
False
Is 8211949 prime?
True
Is 122777 a prime number?
True
Is 828913 prime?
False
Is 12211057 prime?
True
Is 19161119 a prime number?
True
Is 